i - l*i + 9288, -j = -2*i + 18591. Is i a composite number?
False
Let c be 1037665/259 + (-3)/7. Suppose 7*i = -c + 35835. Is i a prime number?
True
Suppose 5*r + 29310 - 3885 = 5*b, -4*b - 6*r = -20260. Is b composite?
False
Let x = -18188 - -45269. Let y = 39118 - x. Is y a prime number?
True
Suppose 533848 = 73*t - 2459955. Is t a prime number?
True
Suppose -2*m + 2*f + 29572 = 0, -2*f = -f + 2. Suppose -9*y + m = 33. Is y a composite number?
True
Let d = 37 + -58. Let t(n) = n**3 + 21*n**2 - n - 16. Let l be t(d). Let z(q) = 55*q - 6. Is z(l) a composite number?
False
Suppose 5*y + 2*b - 1210425 = 0, 6*y + 4*b = 2*y + 968352. Suppose -y = -16*p - 9395. Is p composite?
False
Let u = 2928 + -551. Suppose -f + 5*c - u = -3*f, 0 = -2*f - c + 2397. Is f a composite number?
False
Let z be (-2)/(-4)*(-2 + 39 - 1). Let y = z - 18. Suppose y = 5*q + r - 3209, -5*q - 3*r = -2450 - 767. Is q a composite number?
False
Let a be (1*-29)/(((-56)/808)/7). Is (a/3)/((-5)/(-60)*4) a composite number?
True
Suppose 0 = -5*t + 3*v + 2*v - 205, -5*v + 79 = -2*t. Is 1826 + (4 - t/(-6)) composite?
False
Is (7/(-3))/((-8)/((-69673392)/(-126))) composite?
False
Let g = 1155 - 1780. Suppose 3 = -b - 329. Let i = b - g. Is i prime?
True
Suppose 0 = -13*x + 8*x - 5, -c = -3*x + 48537. Let n be 2 + -14 + (-2)/(-1). Is ((-2)/n)/((-12)/c) a composite number?
False
Let w(r) = 31*r - 106. Let d be w(21). Suppose 3*v - 9 = 0, d + 959 = o + v. Is o a composite number?
True
Let u(t) = 78*t**2 + 98*t - 23. Is u(-30) a composite number?
True
Suppose 2*s - 2 = 0, -g + 4*s + 0 = -2. Suppose y + 14784 = 5*d, -5*d - 2*y = -g*d + 2955. Is d a composite number?
False
Suppose -16 = 20*j - 116. Suppose -j*l + 6*l = 2263. Is l a composite number?
True
Let h = 96 + -103. Is 16869/(-63)*-3 - (-2)/h a prime number?
False
Suppose 3*m = s + 117 + 3540, -3*m - 4*s = -3642. Let y = -7 + 13. Suppose y*q = -0*q + m. Is q a composite number?
True
Let m(i) = 5725*i**2 - 106*i - 127. Is m(-4) a composite number?
True
Suppose 2*x = -23*q + 28*q + 13879, -27713 = -4*x - 5*q. Suppose 18*h + x = 22*h. Is h a composite number?
False
Suppose -37*g + 1115929 = -257400. Is g a composite number?
False
Suppose 0 = -9*o - 33066 + 1206873. Is o composite?
False
Let y = -40 - -37. Let z be 2/6 - ((-1022)/y)/(-7). Is (-7)/49 + 7/(z/13238) prime?
False
Suppose 36397 = -8*p + 297805. Is p/49 - 8/(-56) composite?
True
Let x = 124 + -10. Suppose 4*i - x = -18. Suppose m = i + 103. Is m a prime number?
True
Let q(p) = p**3 + 22*p**2 - 48*p. Suppose -7*w + 6*w = 24. Let a be q(w). Is 1542/(-18)*(-9 - a) a composite number?
True
Let q(m) = 10*m - 3. Let p be q(1). Suppose -4*t + 5 + p = 0, 3*t - 18 = -s. Suppose -785 = s*l - 14*l. Is l prime?
True
Suppose 7963265 + 14799968 = 109*y. Is y composite?
False
Let w be 5/((-15)/6) + 1*4. Let c be (-17)/(-6) - w/(-12). Suppose a - 5*j - 215 = -c*j, -2*a + 5*j = -432. Is a composite?
False
Suppose 2*v = -5*w - v + 39625, 4*w - 31687 = -5*v. Let q = 281 + w. Is q prime?
True
Let s(b) = 5*b**3 - 3*b**2 - 4885. Let k(m) = -3*m**3 + 2*m**2 + 4885. Let a(o) = 3*k(o) + 2*s(o). Is a(0) a composite number?
True
Let v = 285 + -203. Suppose 75*n = v*n - 40943. Is n composite?
False
Let v be (0 + 0)*(-1)/(-3). Suppose -2*a - 2*m + 4538 = v, -3*a + 2*a + m + 2259 = 0. Let o = 3513 - a. Is o a prime number?
True
Suppose -6*z - i + 10883 = -23790, -2*z + 4*i + 11562 = 0. Is z composite?
False
Let q(z) = -56 + 1297*z + 19 + 1. Is q(5) a prime number?
True
Is 120094442/520 + (-9)/(-60) a composite number?
True
Suppose -4*t = 5*q - 2*q - 106, -q + 37 = 3*t. Suppose 35*a - 12715 = q*a. Is a composite?
True
Let x = -604 + 422. Let g = -8 - 85. Let d = g - x. Is d a prime number?
True
Suppose -3*l + 3*i = -45966, -2*l - 45976 = -5*l + 5*i. Let s = l + -7710. Is s prime?
True
Let a = -513 - -516. Suppose -2*b + 19698 - 71825 = -5*v, -a*b = 4*v - 41720. Is v prime?
True
Let b be 4/22 - (-6988)/44. Suppose -o - 2 = -n + 1, 5 = 3*n + o. Suppose -2*f + b = 5*s, n*f + 49 = 5*s - 102. Is s a prime number?
True
Let x(s) = -3884*s + 9. Let r(w) = w**2 - 20*w + 50. Let i be r(17). Is x(i) a prime number?
False
Suppose a - 8*a - 294 = 0. Let d be ((-3)/(12/(-10)))/((-21)/a). Suppose -5*o + 3*f = -581, -4*o - 127 = -d*o - 3*f. Is o a prime number?
False
Suppose -796*s = -1570*s + 785*s - 152911. Is s a composite number?
False
Let g(x) = 49762*x - 2507. Is g(3) a composite number?
True
Is (17 - 11) + 2062696 + -25 a composite number?
True
Let x = 363 + -622. Let k = -170 - x. Is k a prime number?
True
Let b(k) = 264*k**3 - 24*k**2 - 66*k + 323. Is b(11) prime?
True
Suppose 6*z = -12*z - 108396. Let n = z - -11813. Is n composite?
False
Let g = 92 - 83. Suppose -5*d = 3*v - 9, v + g = 4*v - 3*d. Suppose -v*s + 3*o + 21672 = -0*o, -28861 = -4*s - 3*o. Is s prime?
True
Let k(t) = -31*t + 6. Let q(b) = -b. Let c(p) = -p**2 - 19*p - 19. Let d be c(-18). Let f(n) = d*k(n) + 2*q(n). Is f(5) prime?
True
Suppose 0 = 14*p + 3829 - 85855. Suppose h + 3*w - 1165 = 0, -w = -5*h + w + p. Is h prime?
True
Let k be -1*(18/2 + -33). Is (-1294)/((2/9)/((-8)/k)) prime?
False
Let f(d) = 2*d + 4*d**2 - 3*d**2 - 3 + 2*d**2 + 0*d**2. Let a be f(1). Suppose -4*n = k - 419, -a*n - 1676 = -3*k - k. Is k a composite number?
False
Let v(o) = 107*o**3 - 5*o**2 - 13*o + 45. Suppose -198*c + 205*c - 28 = 0. Is v(c) a composite number?
False
Let h = 516 - 511. Is h*(445/(-50))/((-1)/158) composite?
True
Let w be -389*1/(3 - (3 + -1)). Let q(n) = 4*n**3 - 8*n**2 - 8*n + 52. Let s be q(7). Let z = s + w. Is z a composite number?
False
Let u(j) = 2*j**3 - 119*j**2 + 80*j - 70. Is u(69) a composite number?
True
Let l(j) = 10*j**2 - 8*j - 13. Let o(x) be the first derivative of -x**4/4 - 17*x**3/3 + 9*x**2 - 5*x - 7. Let n be o(-18). Is l(n) a prime number?
True
Let t = 69 - 61. Suppose 0 = -t*s + 62514 - 14602. Is s a prime number?
False
Let i be (416/12)/13 - (-3)/9. Suppose -m = -i*c - 17507, m - 2*c - 8827 = 8684. Is m a prime number?
True
Suppose -5973864 = -49*u + 13464583. Is u composite?
False
Suppose -3*r + 2*r + s + 1991 = 0, -1997 = -r + 4*s. Let u = 3610 - r. Is u prime?
True
Let k be (-147)/(-9) - (2 + (-5)/3). Suppose -k + 52 = 3*v. Is (776/v)/((-3)/(-126)*4) a prime number?
False
Let y(f) = -f**2 - 20*f - 93. Let x be y(-11). Suppose -14434 + 940 = -x*d. Is d prime?
False
Let u be (8/(-6) - (-42)/18) + 5. Is 1361/(u - (-15)/(-3)) composite?
False
Let s be ((-6)/5)/((-21)/280). Let u(y) = 23*y + 263. Is u(s) composite?
False
Is (-17398)/(-16) + 822/(-2192) prime?
True
Let j(b) = 23980*b**3 + 3*b**2 + 13*b - 13. Is j(1) a composite number?
True
Suppose -110 = -12*b + 10. Is ((-14735)/b)/(3/(-6)) a composite number?
True
Let m = 5150 + 5403. Suppose 3*n = m - 3644. Suppose n = -12*c + 7619. Is c prime?
True
Let z = 173510 - 94837. Is z a prime number?
False
Let t be 2 + 4*(-1)/(-2). Suppose -5*r + 8464 = b, 11*r - 3390 = 9*r + t*b. Is r prime?
True
Suppose 0 = -q - 3*g + 11, 11*q = 8*q + 3*g + 9. Suppose 0 = -30*h + 27*h + q*b + 514, h = 5*b + 158. Is h composite?
True
Suppose 10*a - 9 - 41 = 0. Let m(i) = -15 + a - i**3 - 5*i**2 + 2*i**2 - 3*i. Is m(-11) a prime number?
True
Suppose 109*j - 160*j + 247911 = 0. Is j composite?
False
Let a = -18647 - -26565. Let n be (-7)/(-14)*2*7. Suppose -n*i + a = -4927. Is i a composite number?
True
Suppose -7*v + 9*v + 60 = 0. Let o = -26 - v. Suppose -4*y + 1480 = o*j, 2*j + 5*y + 1880 = 7*j. Is j a composite number?
False
Let h(v) = 198*v - 22 - 4*v**2 - 91*v**3 + 59 + 0*v**2 - 189*v. Is h(-4) a prime number?
False
Let q(i) = -2*i**3 - i**2 - 1. Let b be q(-2). Is 554600/110 - (-2)/b prime?
False
Let m(v) = 2689*v**2 + 8*v - 31. Is m(-8) composite?
False
Let p = 107016 + 81233. Is p a prime number?
True
Let u(r) = 4*r**2 + 6*r - 4. Let o be u(2). Let v be (-34)/(-119) - o/(-14). Suppose -v*i + 0*q = 3*q - 4930, 2*q = 8. Is i a prime number?
True
Suppose -3*c - 1505 = -8*c. Suppose 0 = -6*n - 5*p + 405 - 95, -202 = -4*n - p. Let g = c - n. Is g a prime number?
True
Suppose 224 = -4*i + 12*i. Let k(m) = -i + 21*m - 43*m + 17*m. Is k(-7) a composite number?
False
Let x be 44/198 - (-25)/(-18)*-2. Is (x/2)/(99/119526) a prime number?
True
Suppose 0 = -5*b - 2*b + 42. Let k be 8 + (-9)/b*2. Su